e 13?
-58
5 (base 10) to base 5
10
Convert -11 (base 2) to base 11.
-3
Convert 6 (base 14) to base 2.
110
Convert 32 (base 4) to base 5.
24
-1101 (base 3) to base 8
-45
Convert -12 (base 7) to base 10.
-9
What is 2002 (base 4) in base 12?
aa
1 (base 6) to base 13
1
What is -3 (base 12) in base 8?
-3
What is 3 (base 14) in base 3?
10
-1110 (base 5) to base 10
-155
Convert 230 (base 5) to base 3.
2102
What is -100 (base 4) in base 10?
-16
What is -1 (base 15) in base 8?
-1
What is -4 (base 9) in base 8?
-4
Convert -10111101 (base 2) to base 12.
-139
What is -1234 (base 5) in base 12?
-142
Convert -b3 (base 13) to base 3.
-12102
Convert 1110 (base 2) to base 5.
24
-10 (base 12) to base 16
-c
What is -5 (base 13) in base 3?
-12
What is 1320 (base 4) in base 5?
440
211 (base 6) to base 3
2221
What is 10 (base 13) in base 5?
23
-2223 (base 4) to base 10
-171
What is 4 (base 16) in base 12?
4
What is 22 (base 9) in base 15?
15
Convert 23 (base 10) to base 13.
1a
-36 (base 7) to base 13
-21
Convert 330 (base 7) to base 15.
b3
Convert -9 (base 14) to base 10.
-9
What is -36 (base 7) in base 8?
-33
Convert -11 (base 9) to base 8.
-12
Convert 6 (base 11) to base 2.
110
111 (base 2) to base 5
12
What is 12 (base 5) in base 15?
7
What is 159 (base 11) in base 10?
185
22 (base 16) to base 6
54
Convert 5 (base 14) to base 2.
101
Convert 175 (base 8) to base 6.
325
What is -52 (base 7) in base 16?
-25
-13 (base 10) to base 15
-d
Convert -8 (base 15) to base 9.
-8
Convert -11100 (base 2) to base 13.
-22
What is 63 (base 11) in base 6?
153
Convert c (base 14) to base 12.
10
-11 (base 2) to base 12
-3
Convert 3 (base 4) to base 10.
3
What is 410 (base 5) in base 10?
105
47 (base 10) to base 8
57
Convert 14 (base 16) to base 4.
110
Convert 2231 (base 4) to base 13.
104
What is 31 (base 11) in base 14?
26
Convert 66 (base 10) to base 12.
56
-133 (base 4) to base 14
-23
What is 1 (base 12) in base 3?
1
-22 (base 6) to base 3
-112
1113 (base 4) to base 13
69
-303 (base 6) to base 9
-133
What is 6 (base 8) in base 11?
6
What is -1 (base 15) in base 11?
-1
What is b (base 13) in base 9?
12
-1 (base 9) to base 6
-1
0 (base 4) to base 10
0
Convert 5 (base 12) to base 6.
5
Convert -a (base 15) to base 11.
-a
-34 (base 14) to base 9
-51
What is 301 (base 6) in base 8?
155
Convert 1001 (base 2) to base 14.
9
What is 35 (base 10) in base 7?
50
Convert 2 (base 16) to base 13.
2
Convert -20 (base 12) to base 15.
-19
Convert -20 (base 14) to base 6.
-44
Convert 1523 (base 6) to base 7.
1125
What is -3 (base 16) in base 5?
-3
67 (base 16) to base 11
94
10 (base 3) to base 11
3
Convert -11c (base 14) to base 15.
-ec
What is 36 (base 14) in base 2?
110000
3 (base 16) to base 2
11
What is 121 (base 3) in base 5?
31
Convert -3 (base 6) to base 11.
-3
What is 1 (base 14) in base 9?
1
9 (base 10) to base 13
9
Convert 3 (base 9) to base 13.
3
Convert 0 (base 14) to base 3.
0
Convert -40 (base 7) to base 10.
-28
What is -37 (base 10) in base 11?
-34
-7 (base 14) to base 9
-7
Convert -1 (base 11) to base 5.
-1
What is 3 (base 6) in base 8?
3
30 (base 14) to base 9
46
What is -36 (base 15) in base 9?
-56
-62 (base 10) to base 12
-52
What is 14 (base 7) in base 6?
15
Convert 4 (base 11) to base 2.
100
What is -25 (base 6) in base 2?
-10001
Convert -c (base 15) to base 3.
-110
-123 (base 8) to base 2
-1010011
What is -22 (base 4) in base 11?
-a
Convert 1b (base 12) to base 13.
1a
Convert -1000110 (base 2) to base 4.
-1012
What is -11000 (base 2) in base 12?
-20
0 (base 14) to base 13
0
Convert 10 (base 4) to base 15.
4
Convert -56 (base 12) to base 7.
-123
What is -2013 (base 4) in base 6?
-343
Convert 26 (base 16) to base 9.
42
1 (base 3) to base 16
1
Convert -10 (base 5) to base 14.
-5
Convert 2 (base 7) to base 8.
2
-76 (base 15) to base 11
-a1
Convert 330 (base 9) to base 8.
416
What is -2 (base 4) in base 10?
-2
What is 0 (base 14) in base 8?
0
What is -5 (base 10) in base 11?
-5
Convert 1 (base 16) to base 11.
1
Convert 133 (base 9) to base 10.
111
What is 32 (base 4) in base 16?
e
-13 (base 5) to base 7
-11
Convert 0 (base 8) to base 15.
0
What is -1034 (base 5) in base 3?
-12100
-310 (base 6) to base 7
-222
-3 (base 5) to base 6
-3
What is -6 (base 11) in base 14?
-6
What is -5d (base 15) in base 9?
-107
What is 1 (base 12) in base 16?
1
Convert 1 (base 6) to base 4.
1
Convert 0 (base 2) to base 11.
0
0 (base 4) to base 3
0
Convert -29 (base 15) to base 10.
-39
-21 (base 7) to base 16
-f
What is -50 (base 9) in base 6?
-113
Convert 5 (base 16) to base 15.
5
0 (base 10) to base 13
0
What is -3 (base 9) in base 5?
-3
What is -14b (base 13) in base 6?
-1024
Convert 30 (base 7) to base 12.
19
11011000 (base 2) to base 9
260
What is 104 (base 14) in base 16?
c8
What is -134 (base 5) in base 15?
-2e
Convert -44 (base 5) to base 16.
-18
What is -1422 (base 5) in base 11?
-1a6
What is 21 (base 5) in base 11?
10
What is 80 (base 10) in base 3?
2222
12 (base 13) to base 5
30
What is -1110 (base 3) in base 10?
-39
Convert -126 (base 11) to base 3.
-12112
-246 (base 7) to base 10
-132
What is 0 (base 2) in base 3?
0
What is -21211 (base 3) in base 8?
-323
Convert 1 (base 8) to base 14.
1
Convert 15 (base 12) to base 4.
101
Convert -30 (base 14) to base 11.
-39
-100 (base 2) to base 6
-4
-40 (base 10) to base 6
-104
1233 (base 6) to base 8
465
10101 (base 3) to base 6
231
What is -22 (base 12) in base 8?
-32
-6 (base 12) to base 6
-10
What is -233 (base 4) in base 6?
-115
-68 (base 11) to base 12
-62
Convert 2 (base 13) to base 5.
2
-10 (base 13) to base 8
-15
What is -2 (base 10) in base 6?
-2
Convert 1201 (base 4) to base 14.
6d
1a (base 13) to base 10
23
What is 222 (base 10) in base 9?
266
-2 (base 16) to base 5
-2
Convert 3 (base 10) to base 3.
10
Convert -36 (base 8) to base 7.
-42
What is 3 (base 7) in base 3?
10
Convert -c (base 15) to base 5.
-22
-2 (base 4) to base 8
-2
Convert b (base 15) to base 8.
13
What is -14 (base 8) in base 6?
-20
27 (base 9) to base 7
34
Convert 31 (base 11) to base 4.
202
Convert -38 (base 14) to base 6.
-122
7 (base 12) to base 8
7
-11 (base 4) to base 14
-5
-16 (base 8) to base 11
-13
What is -1 (base 2) in base 11?
-1
Convert -2 (base 13) to base 9.
-2
Convert -15 (base 8) to base 7.
-16
Convert -6a (base 15) to base 7.
-202
8 (base 12) to base 5
13
31 (base 4) to base 7
16
12 (base 7) to base 3
100
What is -27 (base 10) in base 8?
-33
32 (base 7) to base 14
19
Convert 3201 (base 4) to base 6.
1013
What is -9 (base 11) in base 6?
-13
-2110 (base 4) to base 16
-94
181 (base 10) to base 15
c1
What is 1 (base 2) in base 12?
1
What is 3 (base 8) in base 16?
3
What is -10 (base 4) in base 11?
-4
What is -211 (base 3) in base 13?
-19
What is 101 (base 2) in base 15?
5
34 (base 11) to base 2
100101
Convert 12 (base 7) to base 8.
11
Convert 10 (base 4) to base 11.
4
Convert 100 (base 2) to base 4.
10
15 (base 6) to base 9
12
What is -b8 (base 13) in base 12?
-107
Convert -95 (base 10) to base 12.
-7b
105 (base 9) to base 14
62
2 (base 12) to base 9
2
What is 131 (base 8) in base 2?
1011001
What is 0 (base 4) in base 15?
0
What is 1111 (base 2) in base 8?
17
What is 10 (base 5) in base 15?
5
Convert 28 (base 16) to base 6.
104
Convert 9 (base 14) to base 6.
13
Convert -11 (base 3) to base 4.
-10
Convert -55 (base 10) to base 8.
-67
22 (base 8) to base 9
20
What is 12 (base 5) in base 16?
7
Convert 20 (base 8) to base 11.
15
What is a (base 12) in base 5?
20
Convert -7 (base 8) to base 7.
-10
5 (base 13) to base 10
5
5 (base 7) to base 3
12
Convert 4 (base 8) to base 2.
100
Convert -78 (base 9) to base 2.
-1000111
-11 (base 6) to base 10
-7
20 (base 8) to base 4
100
Convert 0 (base 3) to base 6.
0
Convert -103 (base 12) to base 9.
-173
What is -157 (base 9) in base 2?
-10000101
Convert 155 (base 11) to base 16.
b5
Convert 37 (base 11) to base 9.
44
Convert 4 (base 15) to base 10.
4
What is -163 (base 11) in base 16?
-be
Convert 3 (base 5) to base 15.
3
What is 1311 (base 4) in base 12?
99
What is -2 (base 7) in base 5?
-2
What is -10 (base 8) in base 16?
-8
-1 (base 2) to base 4
-1
What is -3 (base 10) in base 11?
-3
Convert -2 (base 16) to base 10.
-2
Convert -20 (base 9) to base 13.
-15
Convert -14 (base 10) to base 16.
-e
Convert -11 (base 5) to base 11.
-6